w(x). Calculate y(7).
-15
Let r = 9 + -13. Let u(l) be the third derivative of l**6/360 + l**5/20 - l**4/8 + 2*l**2. Let h(t) be the second derivative of u(t). Give h(r).
-2
Let u be 7 + (-5 - 4/(-2)). Let g(o) = 2*o + 18. Let d be g(-8). Let b(x) = 2 - u*x - d*x - x**2 + 0. Determine b(-6).
2
Let q(t) = 2*t - 6. Let h = -671 - -674. Calculate q(h).
0
Let q(f) be the first derivative of -5*f**2/2 + 2*f - 2. Let n = 31 + -28. Suppose b + n*b - 3*z = -4, 2*b + 16 = 5*z. Determine q(b).
-8
Let b(x) = -5*x**3 + 32*x**2 - 24*x - 49. Let i(n) = -2*n**3 + 15*n**2 - 12*n - 24. Let d(r) = 3*b(r) - 7*i(r). Give d(-10).
1
Suppose 3*w = -9 - 3. Let j(h) = 2*h + 3*h + 3 + 0 + 11 - 15. Calculate j(w).
-21
Let w(f) be the third derivative of 7*f**4/24 + 13*f**3/6 + 454*f**2. Give w(-4).
-15
Let r(p) = -p**2 + 14*p + 8. Suppose 4*x = 3*d + 4 - 26, 5*x = d + 11. Determine r(d).
8
Let f(t) = -t**2 + 7*t. Let v be f(7). Suppose -2*p - 3*w - 3 = v, -3 = 3*w + 6. Let d(o) = o + p - 2*o + 0 + 0*o. Calculate d(0).
3
Let x = 479 + -239. Let o(q) = -6*q + 246 + q**2 + 9*q - x + 4*q. Let c be 1/(1/(-10)*2). Give o(c).
-4
Let j(s) be the third derivative of -s**5/30 + 5*s**4/24 - 19*s**3/6 + 6*s**2. Let g(y) = y**2 - 3*y + 9. Let h(n) = -9*g(n) - 4*j(n). What is h(5)?
5
Let f(j) = -j**3 - 4*j**2 + 13*j + 7. Let q = 1953 + -1959. Calculate f(q).
1
Let y(z) = 3*z - 1. Let h(s) = s**3 + 14*s**2 - 16*s - 16. Suppose -b - 19 = 6. Let l = b + 10. Let c be h(l). Calculate y(c).
-4
Let f = -46 + 48. Let m(i) be the first derivative of -i**5/20 - i**3/3 + i**2 + 6*i - 4. Let y(j) be the first derivative of m(j). What is y(f)?
-10
Let i = 77 - 74. Let j(d) = -2*d + 32*d**3 + 3 - 16*d**3 - 17*d**i - 5*d**2. Give j(-4).
-5
Let k be (-2 + 4)*(-3)/(-2). Let w = 110 + -108. Let r(c) = w*c**2 + k*c - 12*c + 3*c + 1. What is r(4)?
9
Let x(c) = -6*c - 1. Suppose -16 = -6*p + 2*p. Let t be (0 + -1)*1*p. Let j(a) = -5*a - 1. Let s(q) = t*x(q) + 5*j(q). Determine s(4).
-5
Let s be 72/30 + (-9)/(-15). Suppose -15 = -s*q - g + 2*g, 5*g = -5*q + 25. Let w(x) = -2*x - 2. Let n(t) = -1. Let r(i) = -2*n(i) - w(i). Calculate r(q).
14
Let u(k) be the first derivative of -3 - 8*k + 1/2*k**2. Let n be 3 + -3 - (0 - 0). What is u(n)?
-8
Let w(h) = h**2 + h - 1. Let b(z) = -z**2 + z + 1. Let j(r) = 12*r**2 + 6*r - 3. Let i(m) = 6*b(m) + j(m). Let o(v) = -i(v) + 5*w(v). Give o(-6).
-2
Let n(a) be the second derivative of -a**3/6 + 7*a**2/2 + a. Let z(i) = -37*i + 148. Let d be z(4). What is n(d)?
7
Let y be (-2)/(-4) - 9/(-6). Let n(r) = r - 6*r**y + 9*r**2 + r**2. Give n(-1).
3
Let t(s) = 0*s - 2*s + 8 - s + 9*s. Determine t(6).
44
Let n be (9 - 245/28)/((-2)/8). Let x(b) = -8*b - 3. Give x(n).
5
Let o(b) = b**3 - 8*b**2 + 7*b - 16. Let h = -834 - -841. Calculate o(h).
-16
Let z(j) = 13 - 8 + j - 3 - 1 - 4. What is z(9)?
6
Suppose 0 = -5*y + 4*v + 14, -y + 2*v - 3 = -1. Let p(f) = -f**3 - f**2 + 1 - 4*f - y + 3 - 4*f**2. Calculate p(-3).
-8
Let t be (-4 - -2 - (-1 + -2))*0. Let b(m) = -m**2 - 19. Give b(t).
-19
Suppose 2*q - 5 = 5. Let g(w) = 5*w - 15. Let n be g(4). Let x(a) = 8 + a**2 - 7 - 7*a + n. What is x(q)?
-4
Suppose y - 240 = -5*y. Suppose 2*x + l = -2*x + 26, 0 = 5*x + 5*l - y. Let h(o) = 2 - x + 4*o - 5*o**2 + o**3 + 0. Calculate h(4).
-4
Let f(i) = -5*i + 8. Let t = 1838 + -1836. Calculate f(t).
-2
Let i = 1 + -2. Let o(a) be the second derivative of a**5/30 - a**4/24 - a**3/6 + 5*a**2 + 12*a. Let q(p) be the first derivative of o(p). What is q(i)?
2
Let u be 80/(-12)*48/(-32). Let i(g) be the first derivative of 1/2*g**2 + 0*g - u. Give i(5).
5
Let h = 1937 + -1925. Let c(k) = -k**3 + 11*k**2 + 11*k + 19. Give c(h).
7
Let o be 11/3 - -8*(-14)/(-336). Let p(y) be the second derivative of -5*y + 1/20*y**5 + 0*y**2 - 1/6*y**3 + 1/6*y**o + 0. What is p(1)?
2
Let q(j) = -7*j**3 + 2*j**2 - 2*j + 1. Suppose 8*b + 0*b = 32. Suppose b - 15 = -11*a. Give q(a).
-6
Let b(m) be the third derivative of m**4/24 - m**2 - 14. Give b(3).
3
Let o(w) = -w**2 + 6*w + 64. Suppose 5*b - 63 = -q, 119*b = 114*b + 2*q + 54. Determine o(b).
-8
Let l(d) = -9*d**2 - 2*d - 19. Let j(y) = 5*y**2 + y + 10. Let o(b) = 11*j(b) + 6*l(b). Let i be 1480/222*(-3)/24*-6. What is o(i)?
16
Suppose 6*h + 12 = 24. Let y(t) = t**3 - t + 2. What is y(h)?
8
Suppose -27*a - 10*a + 370 = 0. Let w(y) = y**3 - 11*y**2 + 11*y + 9. Determine w(a).
19
Let k(h) = 4*h**2 - 50 - 2*h**2 + 108 - 61 + 3*h. Let w = 5 - 9. Give k(w).
17
Let n(s) = -25*s**2 - 23*s - 20. Let x(k) = 16*k**2 + 15*k + 13. Let f(h) = -5*n(h) - 8*x(h). Let w = 4 - 7. Calculate f(w).
-16
Let i(q) = q + 1. Let n(o) = -o**2 + 7*o + 8. Let x(f) = -4*i(f) + n(f). Let p be x(4). Let t(c) = 67 - 32 - 37 + c. Determine t(p).
-2
Let b(k) = -6*k + 3*k + 5*k + 5*k + k. Determine b(-1).
-8
Suppose -2*t = 2*t - 8. Let v(k) = k**3 - 3*k**2 + 4*k - 4. Let q be v(t). Suppose 4*g - 4 = q, -6 = -5*i - 4*g + 43. Let j(d) = -d + 12. What is j(i)?
3
Let k(q) be the third derivative of q**4/6 + q**3/3 + 2*q**2 - 43. What is k(8)?
34
Let h(j) = j + 2. Let i = 44 - 36. Suppose i*r + 43 = -4*t + 3*r, 2*t = 2*r - 8. Calculate h(t).
-5
Let u(a) = a**3 - 4*a**2 + 4*a. Suppose 5*v = 22 + 128. Let g = v - 27. Determine u(g).
3
Let f(j) = 4*j**2 - 12*j + 6. Let l be f(3). Let z(n) = 9*n + n + n**3 + l*n**2 - 5 + 0 - 9*n. Give z(-5).
15
Let t(c) = c**3 - 6*c**2 + 2*c + 2. Suppose -5*u - 39 = -4*o, -4*u + 2*o + 14 - 44 = 0. Let b(h) = h**2 + 5*h - 12. Let q be b(u). What is t(q)?
-10
Let i(f) = -6*f + 31 + 21 - 6*f - 29 + f**2. Give i(10).
3
Let s(v) = -v**2 - 10*v. Let c be s(-10). Suppose c = b - 1 - 4. Let w(d) = -2*d**2 - 7*d + 3*d**2 - 4 + b + 6. Give w(6).
1
Let s(t) = -t**3 - 2*t**2 + 4*t. Suppose -v + 13 = -2*p, 3*p = 2*v + 1 - 23. Give s(p).
16
Let b = 74 - 80. Let h(c) = -4*c + 7. Give h(b).
31
Let p(q) be the third derivative of -q**6/120 - q**5/6 - 3*q**3/2 + 7*q**2. Let d be (6/4)/(-2 + 222/120). Give p(d).
-9
Let f(w) = 6*w + 1. Suppose 4*p - 25 = -p. Let k = 4 - p. Give f(k).
-5
Suppose k - 4*n = -8, -3*k + 21 = n + 2*n. Let a(h) = 8*h + 21*h - h**2 + 0*h**2 + 6*h**2. Let r(y) = -y**2 - 7*y. Let m(c) = 2*a(c) + 9*r(c). Give m(k).
-4
Let a be (6/(-12))/(3/(-6)). Let r be (a/3)/((-15)/(-225)). Let w(f) = -r*f - f + 7*f. Give w(4).
4
Let v = 1003 - 998. Let x(j) = 2*j - 17. Give x(v).
-7
Let f(m) = -25*m + 2. Let x be f(-1). Let p(z) = 1 + x*z - 54*z + 26*z. What is p(8)?
-7
Let i(n) = 5 + 48*n + n**2 - 115*n + 60*n. Calculate i(4).
-7
Let w = 3 + 0. Suppose -2*z = w*z. Let q(n) = -2*n + z*n**2 - n - 3*n + n**2. Give q(5).
-5
Let v(i) be the first derivative of -i**2/2 + 9*i - 23. Let a = 13 - 4. Calculate v(a).
0
Let t(k) = 2*k + 4*k + 64 - 2*k - 96 + 47. What is t(-5)?
-5
Suppose 5*t - 2*t = 6. Let l(o) = 2*o**2 - o + 4. Let h(m) = 3*m**2 - m + 7. Let n(c) = 3*h(c) - 5*l(c). What is n(t)?
1
Let x(k) = k - 2*k - 1 - 2. Let w be -6 + 9/3 - (-28 + -2). Suppose -23*r = -w*r. Calculate x(r).
-3
Let k(b) = b**2 - 2*b - 4. Let t be k(-4). Suppose 0*r - 17 = r + 4*g, -4*g = t. Let w(d) = 3 - 3 + d**2 - 5 + d**3 - 2*d + r. Give w(-2).
-2
Let r(g) = 6 + 2*g**2 + 1 + g**3 - 7*g - 6*g**2. Let o be 4/6*(-45)/6. Let u(p) = p**3 + 5*p**2 - p. Let w be u(o). Calculate r(w).
-3
Let y = 518 - 519. Let p(j) = -22*j**3 + 2*j + 1. Give p(y).
21
Let d(s) be the third derivative of -2/3*s**3 - 7/24*s**4 - 1/30*s**5 + 0*s + 3*s**2 + 0. Calculate d(-5).
-19
Let t(z) = -4*z + z**2 - 10*z - 14*z - 11 + 39*z. Calculate t(-11).
-11
Let a(l) = -l**2 + 4*l - 3. Suppose 0 = 8*u - 10*u + 40. Let t = -16 + u. Give a(t).
-3
Let v(j) = -2*j**2 + 36*j - 64. Let y(h) = -h**2 + 19*h - 32. Let s(z) = 3*v(z) - 5*y(z). Give s(6).
10
Suppose -27 = -5*i + 53. Let q = i + -14. Let p(l) = l**3 - 2*l**q + 2*l + 0*l**2 - 3*l**3. Determine p(-2).
4
Let m(v) = 4*v**3 + 2*v - 3. Let b(a) = 11*a**3 + 2*a**2 + 5*a - 8. Let d(z) = 3*b(z) - 8*m(z). Calculate d(-6).
6
Let q(n) = n**3 - n**2 - 2*n - 1. Let o(l) = -4*l**3 - 4*l**2 - 8*l - 3. Let m(p) = o(p) - 4*q(p). Calculate m(1).
-7
Let l(w) = 2*w + 7. Suppose 42 = 4*k - 3*y - 9, 4*k + 3*y = 21. Let n be 24/k + (-12)/18. Suppose 5 = n*q - 5*o + 35, 4*q - 4*o = -36. Give l(q).
-3
Let d be (1/(-2))/((-1)/4). Let g(l) = -3*l - 4. Let m be g(-2). Let n(i) = -i**2 - 18*i - 1 + m + 17*i. Calcula